 3, 13, 47, 131
List the prime factors of 97741.
7, 13963
List the prime factors of 10194504.
2, 3, 424771
What are the prime factors of 148813?
7, 3037
List the prime factors of 425771.
19, 22409
List the prime factors of 10203047.
59, 172933
What are the prime factors of 228076?
2, 19, 3001
List the prime factors of 3405670.
2, 5, 97, 3511
List the prime factors of 204682.
2, 29, 3529
What are the prime factors of 205305?
3, 5, 13687
List the prime factors of 13454135.
5, 2690827
List the prime factors of 140088.
2, 3, 13, 449
What are the prime factors of 460975?
5, 18439
List the prime factors of 4093490.
2, 5, 409349
What are the prime factors of 10956121?
11, 996011
What are the prime factors of 18665917?
1153, 16189
What are the prime factors of 2410961?
7, 344423
List the prime factors of 107172.
2, 3, 13, 229
List the prime factors of 15660708.
2, 3, 7, 186437
What are the prime factors of 65577?
3, 21859
List the prime factors of 1592929.
13, 122533
What are the prime factors of 14938364?
2, 7, 29, 18397
What are the prime factors of 103641?
3, 179, 193
What are the prime factors of 17305185?
3, 5, 71, 16249
List the prime factors of 18737732.
2, 13, 23, 15667
What are the prime factors of 6329458?
2, 383, 8263
What are the prime factors of 87865?
5, 17573
List the prime factors of 9085568.
2, 70981
What are the prime factors of 1832237?
11, 166567
List the prime factors of 447215.
5, 89443
What are the prime factors of 340563?
3, 61, 1861
What are the prime factors of 21315684?
2, 3, 13, 107, 1277
List the prime factors of 812472.
2, 3, 97, 349
List the prime factors of 209352.
2, 3, 11, 13, 61
What are the prime factors of 778280?
2, 5, 19457
What are the prime factors of 1349644?
2, 337411
What are the prime factors of 1195123?
1195123
What are the prime factors of 984231?
3, 29, 419
List the prime factors of 1785893.
257, 6949
What are the prime factors of 3340675?
5, 13, 19, 541
List the prime factors of 502234.
2, 251117
List the prime factors of 119133.
3, 7, 31, 61
What are the prime factors of 175819?
7, 25117
What are the prime factors of 243402?
2, 3, 113, 359
List the prime factors of 240913.
240913
List the prime factors of 41921142.
2, 3, 83, 84179
List the prime factors of 797463.
3, 88607
What are the prime factors of 217862?
2, 97, 1123
List the prime factors of 168774.
2, 3, 23, 1223
What are the prime factors of 23514136?
2, 2939267
List the prime factors of 984380.
2, 5, 83, 593
List the prime factors of 195377.
7, 13, 19, 113
What are the prime factors of 9795611?
7, 1399373
What are the prime factors of 3687304?
2, 460913
What are the prime factors of 16827200?
2, 5, 13, 809
What are the prime factors of 3133351?
13, 241027
What are the prime factors of 1012351?
83, 12197
What are the prime factors of 1933019?
11, 17, 10337
List the prime factors of 4382045.
5, 29, 47, 643
What are the prime factors of 2107290?
2, 3, 5, 19, 3697
List the prime factors of 2387865.
3, 5, 159191
What are the prime factors of 2208763?
331, 6673
What are the prime factors of 19305192?
2, 3, 804383
What are the prime factors of 111285?
3, 5, 2473
List the prime factors of 379280.
2, 5, 11, 431
What are the prime factors of 8615956?
2, 2153989
What are the prime factors of 8311373?
7, 1187339
What are the prime factors of 695863?
7, 99409
List the prime factors of 143167.
61, 2347
List the prime factors of 2522282.
2, 7, 67, 2689
What are the prime factors of 16994472?
2, 3, 11, 64373
List the prime factors of 13962335.
5, 241, 11587
What are the prime factors of 65893?
131, 503
List the prime factors of 25321.
25321
What are the prime factors of 73290?
2, 3, 5, 7, 349
What are the prime factors of 10545080?
2, 5, 7, 13, 2897
What are the prime factors of 434667?
3, 144889
What are the prime factors of 3754923?
3, 1251641
List the prime factors of 281062.
2, 89, 1579
List the prime factors of 980624.
2, 167, 367
What are the prime factors of 2705754?
2, 3, 17, 41, 647
List the prime factors of 601034.
2, 7, 6133
List the prime factors of 8149407.
3, 7, 388067
What are the prime factors of 6232966?
2, 227, 13729
List the prime factors of 483187.
73, 6619
What are the prime factors of 1403555?
5, 280711
List the prime factors of 4548876.
2, 3, 379073
What are the prime factors of 656570?
2, 5, 65657
What are the prime factors of 2005723?
2005723
List the prime factors of 3658827.
3, 43, 113, 251
List the prime factors of 2947995.
3, 5, 29, 251
List the prime factors of 421441.
151, 2791
What are the prime factors of 638914?
2, 61, 5237
List the prime factors of 3294876.
2, 3, 13, 21121
What are the prime factors of 399540?
2, 3, 5, 6659
List the prime factors of 295405.
5, 11, 41, 131
What are the prime factors of 545308?
2, 136327
List the prime factors of 31409694.
2, 3, 43, 167
List the prime factors of 235237.
67, 3511
What are the prime factors of 426540?
2, 3, 5, 7109
What are the prime factors of 26786816?
2, 7, 37, 101
What are the prime factors of 4739103?
3, 613, 859
List the prime factors of 399343.
7, 89, 641
What are the prime factors of 2733?
3, 911
What are the prime factors of 6481270?
2, 5, 167, 3881
What are the prime factors of 7940799?
3, 547, 1613
What are the prime factors of 321676?
2, 137, 587
What are the prime factors of 1216663?
7, 179, 971
List the prime factors of 1064237.
41, 101, 257
What are the prime factors of 376073?
23, 83, 197
What are the prime factors of 377130?
2, 3, 5, 13, 967
List the prime factors of 256811.
67, 3833
What are the prime factors of 5338718?
2, 7, 11, 34667
What are the prime factors of 10772422?
2, 41, 131371
What are the prime factors of 1193148?
2, 3, 11, 23, 131
What are the prime factors of 439701?
3, 97, 1511
List the prime factors of 258392.
2, 32299
List the prime factors of 231649.
11, 21059
List the prime factors of 4248195.
3, 5, 7, 40459
List the prime factors of 151730.
2, 5, 15173
List the prime factors of 19405136.
2, 41, 29581
What are the prime factors of 713874?
2, 3, 7, 23, 739
What are the prime factors of 308353?
43, 71, 101
What are the prime factors of 737792?
2, 11, 131
What are the prime factors of 833069?
251, 3319
List the prime factors of 12338781.
3, 7, 13, 45197
What are the prime factors of 5867360?
2, 5, 36671
What are the prime factors of 959899?
19, 2659
List the prime factors of 5786295.
3, 5, 43, 8971
What are the prime factors of 11576310?
2, 3, 5, 385877
List the prime factors of 128080.
2, 5, 1601
List the prime factors of 10804721.
113, 95617
List the prime factors of 30907.
31, 997
List the prime factors of 6909798.
2, 3, 7, 23, 311
List the prime factors of 1592951.
17, 93703
List the prime factors of 1770663.
3, 673, 877
What are the prime factors of 1986351?
3, 197, 3361
List the prime factors of 28545687.
3, 3171743
What are the prime factors of 443398?
2, 47, 53, 89
What are the prime factors of 5372648?
2, 671581
List the prime factors of 453299.
7, 11, 29
What are the prime factors of 1381964?
2, 17, 20323
List the prime factors of 11472891.
3, 3824297
List the prime factors of 24149233.
24149233
List the prime factors of 2158595.
5, 353, 1223
What are the prime factors of 95870?
2, 5, 9587
List the prime factors of 7976594.
2, 3988297
List the prime factors of 2962539.
3, 17, 67
List the prime factors of 269029.
269029
List the prime factors of 521165.
5, 104233
List the prime factors of 6576272.
2, 29, 14173
What are the prime factors of 26168743?
31, 844153
What are the prime factors of 1437651?
3, 159739
List the prime factors of 199789.
241, 829
List the prime factors of 163109.
163109
What are the prime factors of 272082?
2, 3, 137, 331
What are the prime factors of 5005538?
2, 61, 89, 461
List the prime factors of 100183.
100183
What are the prime factors of 56626?
2, 23, 1231
What are the prime factors of 1308247?
1308247
List the prime factors of 17154228.
2, 3, 7, 13, 23, 683
What are the prime factors of 1040834?
2, 73, 7129
What are the prime factors of 341206?
2, 170603
List the prime factors of 3194769.
3, 23, 46301
What are the prime factors of 15381012?
2, 3, 1281751
List the prime factors of 1307644.
2, 13, 25147
What are the prime factors of 9591099?
3, 7, 59, 7741
List the prime factors of 432870.
2, 3, 5, 47, 